 Let u = -1 + 2. What are the prime factors of n(u)?
2, 7
Let m = -61 - -67. Let v be ((-15)/m)/(6/(-12)). Suppose -3*g + 5*s = -513, -s = -4*g - v*s + 652. What are the prime factors of g?
2, 83
Suppose -5*o - 87*j + 83*j = -20713, -16583 = -4*o - 5*j. What are the prime factors of o?
3, 7, 197
Suppose -96 = -4*x + 8. Let d = x - -36. Let u = -35 + d. What are the prime factors of u?
3
Let m = -1414 - -14000. What are the prime factors of m?
2, 7, 29, 31
Let r = -268 + 565. Let q = 1146 - r. What are the prime factors of q?
3, 283
Let f = 524 - 1068. Let t = 722 + f. List the prime factors of t.
2, 89
Let z(b) = -b**2 + 26*b - 41. Let f be z(24). Suppose 27*p - f = 26*p. Suppose -p*o + 5 = -261. What are the prime factors of o?
2, 19
Let w(j) = 30*j**3 + 2*j + 1. Let c be w(-1). Suppose -2*i + 5*m - 81 = 18, -27 = i + 2*m. Let p = c - i. List the prime factors of p.
2, 3
Let r(m) = 3*m**2 + 16*m - 2*m**2 + 2 - 13*m. Let o be r(-3). Suppose -4*i + o*t + 398 = 0, -380 = -3*i + 2*t - 80. List the prime factors of i.
2, 7
List the prime factors of 35722 - (15 + 60)/25.
23, 1553
Let h = -804 + 1193. Suppose -385*d = -h*d + 2460. What are the prime factors of d?
3, 5, 41
Suppose -4*y - 17*y = -504. Suppose y*x = 3735 + 11553. List the prime factors of x.
7, 13
Let q be (3/(-9))/(-1)*210. List the prime factors of (-120)/(-1)*364/q.
2, 3, 13
What are the prime factors of -3460*(224/(-245) - (-4)/(-14))?
2, 3, 173
Let x be -314*(5 + -1)/(32/(-24)). Suppose x + 1818 = 6*u. List the prime factors of u.
2, 5, 23
Suppose 0 = -10*x - 31 + 1681. Suppose -x*w + 158*w = -8316. List the prime factors of w.
2, 3, 11
Let r = 18446 - -7846. What are the prime factors of r?
2, 3, 7, 313
Suppose 3*g + 6 = 4*a, 2*g - 6*g = -3*a + 1. Suppose 2*y + g*k - 628 = y, 0 = 3*y - 2*k - 1876. Suppose 0 = 6*s - y - 178. What are the prime factors of s?
2, 67
Let f(z) = 5*z**2 - 122*z + 22. List the prime factors of f(32).
2, 619
Let y(b) = -b**3 + 12*b**2 - 10*b - 8. Let p be y(11). Let l(x) = -296 + 3*x**p + 300 - x**2 + 2*x**3. What are the prime factors of l(2)?
2, 5
Let o(u) = -u**3 - 4*u**2 + 3*u + 2. Let i be o(-4). Let h(q) be the third derivative of -q**4/8 + 2*q**3/3 + 2*q**2 + 321. List the prime factors of h(i).
2, 17
Let c(x) = x**2 + 5*x - 7. Let o be c(-6). Let f(m) = -3*m - 3. Let t be f(o). Let r(q) = q + 25. What are the prime factors of r(t)?
5
Let f be (-40)/50*(0 + -1 - 4). Suppose -29 = -5*v - f. Suppose -v*l + 12 = -3*l - 4*b, -3*l - 4*b + 58 = 0. What are the prime factors of l?
2, 7
Let o = 25399 - 14736. What are the prime factors of o?
10663
Suppose 4*n = -3*c - c + 16, 0 = 5*n + 5. Suppose 0 = 5*o + 4*b - 2*b - 184, 2*o - 82 = -c*b. List the prime factors of ((-58)/6)/((-4)/o).
3, 29
Let d be -12*(-105)/28*(-2)/(-10). What are the prime factors of 15*(507/d - -1)?
2, 5, 43
Suppose -86*x + 169 = -81*x + 3*v, 2*v - 70 = -2*x. Suppose -3*j + 640 = -3*b - x, 5*j + b = 1144. List the prime factors of j.
2, 3, 19
Suppose 3*g = -10*l + 8*l + 7907, 4*l - 15844 = 4*g. What are the prime factors of l?
2, 1979
Suppose -320 = p - 3*p. Let t = p + 78. What are the prime factors of t?
2, 7, 17
Let d(x) = 9*x**2 - 12*x - 83. Let m be d(-6). Let w = 324 - m. What are the prime factors of w?
11
Suppose -f = 1, -l - 288 - 394 = f. Let x = -393 - l. List the prime factors of x.
2, 3
Suppose 0 = 21*v - 25*v - 12. List the prime factors of (-4)/(-14) + (v - (-1914)/14).
2, 67
List the prime factors of 4010*6 + (-4 - (-1 + -7)).
2, 47
Let v = 18 - 6. Suppose -v = o + o. Let m(a) = -a**3 - 4*a**2 + 5*a - 16. What are the prime factors of m(o)?
2, 13
Let i(v) = -2*v**3 - 205*v**2 - 93*v + 1148. What are the prime factors of i(-102)?
2, 5, 23
Let z be -2 + (-5)/(-3) + 27335/33. Suppose 9*j = 7*j + z. Suppose 3*f + 108 = j. What are the prime factors of f?
2, 3, 17
Let c = 69694 + 25242. List the prime factors of c.
2, 11867
Let k = -26 + 30. Let s(p) = 12*p - 13. Let o be s(k). Let n = 48 - o. List the prime factors of n.
13
Suppose 50031 + 32919 = 14*n. What are the prime factors of n?
3, 5, 79
Let n(g) = -103*g - 17. Let j(i) = 311*i + 49. Let x(y) = 2*j(y) + 7*n(y). List the prime factors of x(-5).
2, 3, 79
Suppose -5*d - 3 = h + 2*h, 0 = 2*h + 2*d - 2. Suppose 2*n = h*n - 10. Suppose -261 = -5*y - i, 0*y - 4*i = -n*y + 256. What are the prime factors of y?
2, 13
Let n = 331 - 389. List the prime factors of -3 + (-1 - n*24/6).
2, 3, 19
Let k be (-4)/(-8)*(-8 + 8). Let q be (1 + -4)/(k - (-9)/(-411)). Let r = q + -10. What are the prime factors of r?
127
Let k be (-6)/4*(567/(-7) + 7). Suppose 164 = -k*l + 115*l. List the prime factors of l.
41
Let x = 6160 - 3035. Suppose -4*p = -20, 3*l + x = 8*l - 4*p. List the prime factors of l.
17, 37
Suppose -4*c + 44 = -76. Let d = 2 + 4. Suppose -84 = -d*v + c. What are the prime factors of v?
19
Suppose 89*q + 84777 = 177*q - 81*q. List the prime factors of q.
3, 11, 367
Let o be 3/(156/(-3268)) + 16/(-104). List the prime factors of (o/14)/((-6)/1116).
3, 31
Let f be (-871)/(-6) + 1 - (-13)/(-78). Let l = f - 255. Let h = 139 + l. What are the prime factors of h?
2, 3, 5
Let z be (-1101 + 8)/((-4)/8). Let j = z - 968. What are the prime factors of j?
2, 3, 7, 29
Let f(j) = j**3 + 8*j**2 - 30*j - 7. Let o be f(-11). Let g(l) = 6*l**2 - 2*l - 1. Let a be g(5). Let u = a + o. What are the prime factors of u?
3, 11
Let v be -10 + 0 - (1 + 1). Let f be (-1036)/(-16) + (5 - (-38)/(-8)). Let b = v + f. List the prime factors of b.
53
What are the prime factors of ((-2430)/63)/(-3)*38/6*14?
2, 3, 5, 19
Let g(u) = u**3 - 19*u**2 - 44*u + 101. What are the prime factors of g(29)?
5, 1447
Let m = -2858 + 34845. List the prime factors of m.
29, 1103
List the prime factors of (4 - (-5 + 10741))*3/(-12).
2683
Let n = -1882 - -5926. List the prime factors of n.
2, 3, 337
Let b(q) be the first derivative of 39*q**2 + 35*q - 116. What are the prime factors of b(6)?
503
Let f(r) = -r**3 + 18*r**2 - 23*r - 15. Let c(a) = -2*a**3 + 37*a**2 - 47*a - 31. Let l(y) = -6*c(y) + 13*f(y). What are the prime factors of l(6)?
3, 5, 7
Let v(q) = q**2 - 17*q - 24. Let o be v(18). Let n be o/15 - (-13)/(-5). List the prime factors of (n - (-45)/(-10))*-6.
3, 5
Suppose 423 = -7*g + 6135. Suppose -64*u = -68*u + g. What are the prime factors of u?
2, 3, 17
Suppose -2*h + 2743 = -5*a + h, 3*a = -2*h - 1661. Let g = -323 - a. List the prime factors of g.
2, 3, 19
Suppose -m = -b + 4*b + 5, -5*b - 14 = -4*m. Suppose m + 19 = 5*v. What are the prime factors of 3*29 + (v - (1 + 0))?
2, 3, 5
Let t(x) = -31*x + 100. Let k be t(4). Let v(o) = -o**3 - 21*o**2 + 28*o + 52. List the prime factors of v(k).
2, 277
Suppose 3*c - 69497 = 5*i, 42 = -2*i + 34. List the prime factors of c.
23159
Let b be 20/3*(-3)/(-2). Let t be 36/b - (-18)/45. List the prime factors of -6 - (-1 - t) - -68.
67
Let x(t) be the second derivative of -3*t**3/2 - 23*t**2 + 2*t. Let w be -54*6/(-4)*142/(-639). List the prime factors of x(w).
2, 29
List the prime factors of 931/95*4385 + (-7)/1.
2, 3, 7, 11, 31
Suppose 6*i + 712 = 88. Let t = i - -159. Suppose 0 = 56*x - t*x - 7. What are the prime factors of x?
7
Let z be 91 - 0 - 0 - (-3)/3. Suppose -7*l + 8 = z. List the prime factors of ((111/l)/(-1))/((-2)/(-8)).
37
Let h = 15104 + -7289. List the prime factors of h.
3, 5, 521
Suppose -275752 - 57474 = -25*k + 113049. List the prime factors of k.
17851
Let t = -6 + 8. Suppose -4*f = 5*b - 1451, 28 = -2*f + t*b + 758. Suppose -5*z - 2*z = -f. List the prime factors of z.
2, 13
Let w(n) = -n**2 + 14*n - 14. Let a be w(11). Let b = -19 + a. Let z(g) = -g**2 + 29. What are the prime factors of z(b)?
29
Suppose -3*n - 19*d + 22*d + 21 = 0, 2*d = -5*n + 14. List the prime factors of 1/n + (-219)/36*-165.
2, 251
Let r be (-54)/81 - 4648/(-6). Let q = 1307 - r. What are the prime factors of q?
13, 41
List the prime factors of (-180)/144*3/(75/(-882460)).
44123
Suppose -3*p = 4*g - 0*g + 43, 0 = 2*p - 3*g + 6. Let c(m) = -m**3 - 10*m**2 - 7*m + 13. Let k be c(p). What are the prime factors of k + (4 - -241) + 4?
2, 61
Suppose 4*v - 3*d = 138810, 3*v - 39904 - 64206 = d. What are the prime factors of v?
2, 3, 241
Suppose 165*a - 8 = 161*a. Let y(t) = 232*t - 1. What are the prime factors of y(a)?
463
